{"id":7714,"date":"2022-04-15T11:25:13","date_gmt":"2022-04-15T09:25:13","guid":{"rendered":"http:\/\/joannacholuj.pl\/wp-content\/uploads\/2022\/04\/278577547_10161871881450299_8123167751513936558_n.jpg"},"modified":"2023-12-21T02:51:10","modified_gmt":"2023-12-21T01:51:10","slug":"278577547_10161871881450299_8123167751513936558_n","status":"inherit","type":"attachment","link":"http:\/\/joannacholuj.pl\/en\/mojeksiazki\/278577547_10161871881450299_8123167751513936558_n\/","title":{"rendered":"Gramatyka por\u00f3wnawcza: polski, angielski, francuski. Tom 2"},"author":2,"featured_media":0,"comment_status":"closed","ping_status":"closed","template":"","meta":{"_bbp_topic_count":0,"_bbp_reply_count":0,"_bbp_total_topic_count":0,"_bbp_total_reply_count":0,"_bbp_voice_count":0,"_bbp_anonymous_reply_count":0,"_bbp_topic_count_hidden":0,"_bbp_reply_count_hidden":0,"_bbp_forum_subforum_count":0,"_uag_custom_page_level_css":""},"class_list":["post-7714","attachment","type-attachment","status-inherit","hentry"],"description":{"rendered":"<p class=\"attachment\"><a href='http:\/\/joannacholuj.pl\/wp-content\/uploads\/2022\/04\/278577547_10161871881450299_8123167751513936558_n.jpg'><img loading=\"lazy\" decoding=\"async\" width=\"218\" height=\"300\" src=\"http:\/\/joannacholuj.pl\/wp-content\/uploads\/2022\/04\/278577547_10161871881450299_8123167751513936558_n-218x300.jpg\" class=\"attachment-medium size-medium\" alt=\"\" srcset=\"http:\/\/joannacholuj.pl\/wp-content\/uploads\/2022\/04\/278577547_10161871881450299_8123167751513936558_n-218x300.jpg 218w, http:\/\/joannacholuj.pl\/wp-content\/uploads\/2022\/04\/278577547_10161871881450299_8123167751513936558_n.jpg 524w\" sizes=\"(max-width: 218px) 100vw, 218px\" \/><\/a><\/p>\n<p>Ksi\u0105\u017cka ta por\u00f3wnuje gramatyk\u0119 i s\u0142ownictwo j\u0119zyk\u00f3w: polskiego, angielskiego i francuskiego. Jest to ksi\u0105\u017cka praktyczno-teoretyczna, u\u017cyteczna dla tych, kt\u00f3rzy ucz\u0105 si\u0119 tych trzech j\u0119zyk\u00f3w. Ksi\u0105\u017cka jest oparta na za\u0142o\u017ceniach z ksi\u0105\u017cki &#8222;Polska gramatyka staro\u017cytna&#8221; tom 1 i 2. Warto wi\u0119c przeczyta\u0107 r\u00f3wnie\u017c dwa tomy &#8222;Polskiej gramatyki staro\u017cytnej&#8221;.<\/p>\n<p>Ksi\u0105\u017cka ta jest drugim tomem ca\u0142o\u015bci.<\/p>\n<p>Spis tre\u015bci <\/p>\n<p>tom II<br \/>\nRozdzia\u0142 6 Fleksja deklinacje<br \/>\nRozdzia\u0142 7. Fleksja koniugacje<br \/>\nRozdzia\u0142 8. Fleksja czasy<br \/>\nRozdzia\u0142 9 Fleksja aspekty<br \/>\nRozdzia\u0142 10 Sk\u0142adnia &#8211; tryby <\/p>\n<p>KUP KSI\u0104\u017bK\u0118 PAPIEROW\u0104 ZA 50 PLN<\/p>\n<p>KUP <a href=\"http:\/\/joannacholuj.pl\/kup-gramatyka-porownawcza-2-w-elektro\/\">KSI\u0104\u017bK\u0118 ELEKTRONICZN\u0104 ZA 40 PLN<\/a><\/p>\n<p>KUP W SKLEPIE AMERYKA\u0143SKIM ZA USD  <a href=\"https:\/\/www.lulu.com\/en\/en\/shop\/joanna-cho%C5%82uj\/gramatyka-por%C3%B3wnawcza-polski-angielski-francuski-tom-2\/paperback\/product-gekwyk.html?page=1&#038;pageSize=4\" rel=\"noopener\" target=\"_blank\">KSI\u0104\u017bK\u0118 PAPIEROW\u0104<\/a> <\/p>\n<p>KUP W SKLEPIE AMERYKA\u0143SKIM ZA USD <a href=\"https:\/\/www.lulu.com\/shop\/joanna-cho%C5%82uj\/gramatyka-por%C3%B3wnawcza-polski-angielski-francuski-tom-2\/ebook\/product-kq2pjm.html?q=JOANNA+CHOLUJ\">KSI\u0104\u017bK\u0118 ELEKTRONICZN\u0104<\/a><\/p>\n"},"caption":{"rendered":"<p>dost\u0119pna<\/p>\n"},"alt_text":"","media_type":"image","mime_type":"image\/jpeg","media_details":{"width":524,"height":720,"file":"2022\/04\/278577547_10161871881450299_8123167751513936558_n.jpg","sizes":{"thumbnail":{"file":"278577547_10161871881450299_8123167751513936558_n-150x150.jpg","width":150,"height":150,"mime_type":"image\/jpeg","source_url":"http:\/\/joannacholuj.pl\/wp-content\/uploads\/2022\/04\/278577547_10161871881450299_8123167751513936558_n-150x150.jpg"},"medium":{"file":"278577547_10161871881450299_8123167751513936558_n-218x300.jpg","width":218,"height":300,"mime_type":"image\/jpeg","source_url":"http:\/\/joannacholuj.pl\/wp-content\/uploads\/2022\/04\/278577547_10161871881450299_8123167751513936558_n-218x300.jpg"},"illdy-blog-list":{"file":"278577547_10161871881450299_8123167751513936558_n-524x500.jpg","width":524,"height":500,"mime_type":"image\/jpeg","source_url":"http:\/\/joannacholuj.pl\/wp-content\/uploads\/2022\/04\/278577547_10161871881450299_8123167751513936558_n-524x500.jpg"},"illdy-widget-recent-posts":{"file":"278577547_10161871881450299_8123167751513936558_n-70x70.jpg","width":70,"height":70,"mime_type":"image\/jpeg","source_url":"http:\/\/joannacholuj.pl\/wp-content\/uploads\/2022\/04\/278577547_10161871881450299_8123167751513936558_n-70x70.jpg"},"illdy-blog-post-related-articles":{"file":"278577547_10161871881450299_8123167751513936558_n-240x206.jpg","width":240,"height":206,"mime_type":"image\/jpeg","source_url":"http:\/\/joannacholuj.pl\/wp-content\/uploads\/2022\/04\/278577547_10161871881450299_8123167751513936558_n-240x206.jpg"},"illdy-front-page-latest-news":{"file":"278577547_10161871881450299_8123167751513936558_n-250x213.jpg","width":250,"height":213,"mime_type":"image\/jpeg","source_url":"http:\/\/joannacholuj.pl\/wp-content\/uploads\/2022\/04\/278577547_10161871881450299_8123167751513936558_n-250x213.jpg"},"illdy-front-page-testimonials":{"file":"278577547_10161871881450299_8123167751513936558_n-127x127.jpg","width":127,"height":127,"mime_type":"image\/jpeg","source_url":"http:\/\/joannacholuj.pl\/wp-content\/uploads\/2022\/04\/278577547_10161871881450299_8123167751513936558_n-127x127.jpg"},"illdy-front-page-projects":{"file":"278577547_10161871881450299_8123167751513936558_n-476x476.jpg","width":476,"height":476,"mime_type":"image\/jpeg","source_url":"http:\/\/joannacholuj.pl\/wp-content\/uploads\/2022\/04\/278577547_10161871881450299_8123167751513936558_n-476x476.jpg"},"illdy-front-page-person":{"file":"278577547_10161871881450299_8123167751513936558_n-125x125.jpg","width":125,"height":125,"mime_type":"image\/jpeg","source_url":"http:\/\/joannacholuj.pl\/wp-content\/uploads\/2022\/04\/278577547_10161871881450299_8123167751513936558_n-125x125.jpg"},"full":{"file":"278577547_10161871881450299_8123167751513936558_n.jpg","width":524,"height":720,"mime_type":"image\/jpeg","source_url":"http:\/\/joannacholuj.pl\/wp-content\/uploads\/2022\/04\/278577547_10161871881450299_8123167751513936558_n.jpg"}},"image_meta":{"aperture":"0","credit":"","camera":"","caption":"","created_timestamp":"0","copyright":"","focal_length":"0","iso":"0","shutter_speed":"0","title":"","orientation":"0","keywords":[]}},"post":709,"source_url":"http:\/\/joannacholuj.pl\/wp-content\/uploads\/2022\/04\/278577547_10161871881450299_8123167751513936558_n.jpg","_links":{"self":[{"href":"http:\/\/joannacholuj.pl\/en\/wp-json\/wp\/v2\/media\/7714"}],"collection":[{"href":"http:\/\/joannacholuj.pl\/en\/wp-json\/wp\/v2\/media"}],"about":[{"href":"http:\/\/joannacholuj.pl\/en\/wp-json\/wp\/v2\/types\/attachment"}],"author":[{"embeddable":true,"href":"http:\/\/joannacholuj.pl\/en\/wp-json\/wp\/v2\/users\/2"}],"replies":[{"embeddable":true,"href":"http:\/\/joannacholuj.pl\/en\/wp-json\/wp\/v2\/comments?post=7714"}]}}

Gramatyka porównawcza: polski, angielski, francuski. Tom 2

<p class="attachment"><a href='http://joannacholuj.pl/wp-content/uploads/2022/04/278577547_10161871881450299_8123167751513936558_n.jpg'><img loading="lazy" decoding="async" width="218" height="300" src="http://joannacholuj.pl/wp-content/uploads/2022/04/278577547_10161871881450299_8123167751513936558_n-218x300.jpg" class="attachment-medium size-medium" alt="" srcset="http://joannacholuj.pl/wp-content/uploads/2022/04/278577547_10161871881450299_8123167751513936558_n-218x300.jpg 218w, http://joannacholuj.pl/wp-content/uploads/2022/04/278577547_10161871881450299_8123167751513936558_n.jpg 524w" sizes="(max-width: 218px) 100vw, 218px" /></a></p>
<p>Książka ta porównuje gramatykę i słownictwo języków: polskiego, angielskiego i francuskiego. Jest to książka praktyczno-teoretyczna, użyteczna dla tych, którzy uczą się tych trzech języków. Książka jest oparta na założeniach z książki &#8222;Polska gramatyka starożytna&#8221; tom 1 i 2. Warto więc przeczytać również dwa tomy &#8222;Polskiej gramatyki starożytnej&#8221;.</p>
<p>Książka ta jest drugim tomem całości.</p>
<p>Spis treści </p>
<p>tom II<br />
Rozdział 6 Fleksja deklinacje<br />
Rozdział 7. Fleksja koniugacje<br />
Rozdział 8. Fleksja czasy<br />
Rozdział 9 Fleksja aspekty<br />
Rozdział 10 Składnia &#8211; tryby </p>
<p>KUP KSIĄŻKĘ PAPIEROWĄ ZA 50 PLN</p>
<p>KUP <a href="http://joannacholuj.pl/kup-gramatyka-porownawcza-2-w-elektro/">KSIĄŻKĘ ELEKTRONICZNĄ ZA 40 PLN</a></p>
<p>KUP W SKLEPIE AMERYKAŃSKIM ZA USD  <a href="https://www.lulu.com/en/en/shop/joanna-cho%C5%82uj/gramatyka-por%C3%B3wnawcza-polski-angielski-francuski-tom-2/paperback/product-gekwyk.html?page=1&#038;pageSize=4" rel="noopener" target="_blank">KSIĄŻKĘ PAPIEROWĄ</a> </p>
<p>KUP W SKLEPIE AMERYKAŃSKIM ZA USD <a href="https://www.lulu.com/shop/joanna-cho%C5%82uj/gramatyka-por%C3%B3wnawcza-polski-angielski-francuski-tom-2/ebook/product-kq2pjm.html?q=JOANNA+CHOLUJ">KSIĄŻKĘ ELEKTRONICZNĄ</a></p>

<p>dostępna</p>
